ors of h(w).
953
Suppose 0 = -3*y - t + 48543, -5*t + 10*t - 16181 = -y. List the prime factors of y.
11, 1471
Let z(p) = -23*p - 1. Let a(y) = -2 - 2 - 3 - 45*y + 6. Let d(j) = -6*a(j) + 13*z(j). List the prime factors of d(-2).
3, 17
Suppose -7*l = -0*l - 63. Suppose -l + 3 = b. What are the prime factors of (b/9)/(2/(-18))?
2, 3
Let b = -781 - -1222. List the prime factors of (1432/(-6))/((-98)/b).
2, 3, 179
Suppose -3*j + 2*l + 1479 = 0, -4*j + 996 = -2*j + 2*l. Suppose 17*u - 3857 = j. What are the prime factors of u?
2
Suppose -4*f = -r - 22, 0 = -3*r + 5*r - 3*f + 24. What are the prime factors of (-2314)/r + (-24)/(-18)?
3, 43
Suppose 0 = 4*g - 4, -2*a - 4*g + 2 + 14 = 0. Suppose -174*y = -166*y. Suppose t + a*i - 50 = 4*i, -2*t - 2*i + 106 = y. What are the prime factors of t?
2, 7
What are the prime factors of (-25*(-8)/(-20) - -7)*-5042?
2, 3, 2521
Suppose -28*b = -26*b + 6. What are the prime factors of (b/(12/(-38)))/(6/252)?
3, 7, 19
Suppose -5*n + 4*w + 14932 = 0, -6*n + 7*n = w + 2987. List the prime factors of n.
2, 373
Let d = 122 + -602. Let n = 934 + d. What are the prime factors of n?
2, 227
Let w(x) = -8*x + 18. Let a be w(0). Suppose 434 = 5*q + 129. Suppose -v = a - q. What are the prime factors of v?
43
Let m(h) = 2*h. Let v(j) = j + 2. Let y be v(0). Let w be m(y). Suppose -w*t = 4*t - 584. List the prime factors of t.
73
Suppose -9*l = 11 - 47. Suppose 1257 = 3*y + l*u, 2*u + 2069 = -0*y + 5*y. What are the prime factors of y?
5, 83
Suppose 165 = 3*h - 2*t, 5*h + 5*t - 56 = 219. Let i(j) = j**3 - 2*j**2 + j + 1 - 2*j**3 + h*j**3. What are the prime factors of i(1)?
2, 3
Suppose 0 = p - 17*p + 67408. Let t = -2764 + p. What are the prime factors of t?
3, 7, 23
Suppose -65*y + 818615 = -921370. What are the prime factors of y?
3, 8923
Suppose -438285 = 177*a - 192*a. List the prime factors of a.
61, 479
Suppose 0 = -11*o - 373 - 463. Let a = o - -78. Suppose a*j + 89 = s, j = -5*s + 83 + 406. List the prime factors of s.
97
List the prime factors of (14 + 1)*(11408/12 + 2/2).
5, 571
Suppose 3*w + 5*s - 334 = 0, -2*w - s + 110 = -w. Suppose -4*c + 16 = 0, -5*o - c = -3*o - w. What are the prime factors of o?
2, 13
Let w(g) be the third derivative of 19*g**4/12 + 103*g**3/3 + 40*g**2. What are the prime factors of w(23)?
2, 3, 5
Let n = 337 - 135. Let s = n + -84. List the prime factors of s.
2, 59
Let o(u) = 60 - 123 + 57 + 153*u. What are the prime factors of o(1)?
3, 7
Let n = 25 - 11. Let m = 16 - n. Let t = 62 + m. What are the prime factors of t?
2
What are the prime factors of ((-1)/4 - (-40852)/(-16))/(1/(-2))?
5107
Let j = 394 - 392. What are the prime factors of (18/(-15) + j)/(8/2500)?
2, 5
Let p(n) = n**2 - 4*n - 110. Let q be p(0). Let z be ((-88)/q)/((-4)/(-10)). Suppose -o - z*m + 120 = 0, 2*m - 6*m = 4*o - 500. What are the prime factors of o?
2, 5, 13
Let t = 22646 + -10332. List the prime factors of t.
2, 47, 131
Let x(n) = -n**2 - 24*n + 4. Let v = -191 + 169. What are the prime factors of x(v)?
2, 3
Let r = 38587 + 29820. What are the prime factors of r?
67, 1021
Let v = 12 + -1. Let y(s) = -4*s - 5 - 18 - s + s**2. What are the prime factors of y(v)?
43
Suppose -61*f + 56*f = -375. Let j = 206 + f. List the prime factors of j.
281
Let k = 514 + -511. Suppose 4*a - 3428 = -k*c, 3*c + 3*a + 3393 = 6*c. List the prime factors of c.
2, 71
Let z(t) = -203*t**3 - t**2 - 5*t - 3. Let y be z(-1). Let a be (-6)/(-6) - y/(-3). Let f = a - -110. What are the prime factors of f?
179
Let a = 115 - 157. List the prime factors of (-11396)/a + (-8)/6.
2, 3, 5
Suppose -5*l + 6*l + 63 = 5*r, 4*l + 57 = 5*r. Suppose -r*n + 12892 = -2*n. List the prime factors of n.
2, 293
Let m = -1590 - -1423. Suppose 320 = z - 2*z - 2*c, 2*z + 649 = -c. Let f = m - z. What are the prime factors of f?
3, 53
Let x(z) = 23*z - 79. Suppose -5*m + 41 = 2*r, 2*r - m - 36 = -r. List the prime factors of x(r).
2, 5, 11
Let k(a) = -a + 7. Let b be k(7). Suppose s + 67 - 11 = b. Let r = s - -80. What are the prime factors of r?
2, 3
Let y be 2*2/(-16) - 221/(-52). Let p be 171 + (1 + -1)/1. Suppose p = -y*h + 13*h. What are the prime factors of h?
19
Let f = -62 + 116. Let x = f - 46. What are the prime factors of x?
2
Let m(y) = -34*y**2 + 3*y - 14. Let n be m(0). Let u = 357 - 229. Let k = n + u. List the prime factors of k.
2, 3, 19
Suppose -4*l = 2*z - z - 85, 5*z = 4*l - 103. Suppose 5*f - l - 58 = 0. Suppose 3*g = -3*j + 174, -2*g + f = -6*g. What are the prime factors of j?
2, 31
Let m(a) = -a**2 - 15*a - 1. Let v be m(-14). Let f(d) = -9*d**2 + 8*d**2 + v - 14*d**2 - 5*d - d**3. What are the prime factors of f(-15)?
2, 11
Let u(w) = w**2 + 29*w - 28. Let d be u(-25). What are the prime factors of (-694)/(-16) - (-48)/d?
43
What are the prime factors of 4738006/343 + (2 - (-20)/(-14))?
2, 6907
Let c = -2097 - -1026. What are the prime factors of (c + -4)/(-14 - -13)?
5, 43
Let o(u) = u**3 - 3*u**2 - 11*u + 9. Let m be o(5). Suppose -3*t + 2*h - 2 = 0, 0*h - 12 = -m*t - h. List the prime factors of 19368/198 - t/(-11).
2, 7
Let y(j) = 130*j**2 + 147*j - 80. List the prime factors of y(12).
2, 5101
Let d(p) = 10*p**2 + 39*p + 63. What are the prime factors of d(-19)?
2, 733
Suppose 73*j - 77*j + 12 = 0. What are the prime factors of 276/(j/20*5)?
2, 23
Suppose 0 = -133*x + 130*x - 177. Let v = x - -61. Suppose 2*h - v*r = 2*r + 398, 0 = -5*r + 15. What are the prime factors of h?
5, 41
Suppose -1475 = -3*g + 3070. What are the prime factors of g?
3, 5, 101
Let t(j) = -j**3 - 31 + 4*j + 3*j - 2*j - 11 + 11*j**2. List the prime factors of t(10).
2, 3
List the prime factors of ((-249760)/(-11) - -3) + (-144)/(-264).
22709
Suppose 9*t - 396 = -351. Let r be 474/(4 - 2) + 1. Suppose -z = -5*q + 248, t*q - r = -2*z + 1. List the prime factors of q.
7
Let w = 32088 + -13404. List the prime factors of w.
2, 3, 173
Let k = 11630 + -2649. List the prime factors of k.
7, 1283
Let j(d) = -14*d + 188. Let p = 474 - 529. What are the prime factors of j(p)?
2, 479
Suppose 0*t = -3*n + 3*t + 45, 5*n - 63 = t. Suppose -1175 = -n*b + 193. List the prime factors of b.
2, 3, 19
Suppose 4*q = -x + 48640, -15*q = -16*q - x + 12166. List the prime factors of q.
2, 6079
Let z be (16/(-16))/(1/77). Let i be 22/z + ((-3602)/(-14) - -2). Let a = i + -95. List the prime factors of a.
2, 41
Let c = -6312 + 6752. What are the prime factors of c?
2, 5, 11
Let y(c) = -3763*c + 664. What are the prime factors of y(-3)?
11953
Let z(o) = 234*o**2 + 2*o + 16. Let a be z(-6). Suppose 5*j = 3*j - 2*m + a, -3*j - 2*m = -12640. List the prime factors of j/135 - 8/(-10).
2
Let f = 2561 + -281. Let j = -1332 + f. List the prime factors of j.
2, 3, 79
Suppose v + i = 4*v - 48, -v = 2*i - 16. Suppose v*q = 6*q + 250. Suppose -24*c = -q*c + 68. List the prime factors of c.
2, 17
Suppose 0*j + 3*j = -2*v + 11, 3*v - 18 = -5*j. Let a be (-14)/v*(-6 - -8). What are the prime factors of (-6096)/a + (-3 - (-23)/7)?
2, 109
Let x = -954 - -358. Let p = x + 1029. List the prime factors of p.
433
Let p = -6692 + 76619. List the prime factors of p.
3, 11, 13, 163
Let m(u) = u**3 + 2*u**2. Let z(i) = 492*i**3 - 6*i**2 + i + 2. Let f(x) = -3*m(x) - z(x). List the prime factors of f(-1).
2, 13, 19
Let z(j) = -59*j - 51. Let y be z(-13). Let b = 1351 - y. List the prime factors of b.
5, 127
List the prime factors of 6 + 1/(-7 + 80844/11549).
5, 2311
Let s be (4/(-5))/(14/(-34475)). Suppose 1460 = 3*x + 2*l, -l - l = -4*x + s. List the prime factors of x.
2, 5, 7
Let m be (-5361)/(-2) - 3/(-2). Suppose -35*v + 29*v + m = 0. List the prime factors of v.
3, 149
Suppose 4*t = 3*n - 2*n + 8, 3*t - 4*n = 6. Suppose 4*w + g - 1360 = 0, 0 = 3*g - t*g - 4. What are the prime factors of w?
3, 113
Let p(l) = -8*l - 95. Let b be p(-28). Let g = b + 32. What are the prime factors of g?
7, 23
Let f(r) = -6*r - 14. Let c be f(-4). Suppose -c = -29*k + 24*k. Suppose -k*j + 146 = -3*q + 2*q, -2*j + 158 = -4*q. What are the prime factors of j?
71
Let s(n) be the first derivative of 1 - 9/2*n**2 + 1/3*n**3 - 5*n. What are the prime factors of s(10)?
5
Suppose 3*m + 2 = m, 49 = 4*v - 5*m. Suppose 3*r - v + 26 = 0. What are the prime factors of 2*(r + 4)*-10?
2, 5
List the prime factors of (-177*(-85)/102)/((-2)